 is the highest common divisor of 35424 and l?
12
Let b = 2995 - 2641. What is the greatest common factor of 1652 and b?
118
Let i = 33972 + -33839. Calculate the highest common divisor of i and 4123.
133
Let t = -502 + 481. Let f be (14/6 - 0)*(t - -27). Calculate the greatest common factor of f and 7.
7
Let t be (112 + -124)*((-2)/(-4))/(-1) - -1458. What is the highest common factor of t and 1?
1
Let a be (-4)/(-2) + 5 + 2. Let q = -3540 + 3711. What is the highest common divisor of a and q?
9
Suppose -645*o - 648 = -669*o. Calculate the greatest common divisor of 2277 and o.
9
Let p(f) = -3500*f - 739. Let v be p(-8). Calculate the highest common divisor of 117 and v.
117
Suppose -12*w = -17*w - 5*v + 40, -4*w - 3*v + 29 = 0. Let r be 1/5 + 519/w. What is the greatest common divisor of 24 and r?
8
Let j be ((-18)/(-16))/(-3) + 22150/400. What is the highest common divisor of 451 and j?
11
Let w be (159/(-530) + 3/10*-19)/(-3). What is the highest common factor of w and 733?
1
Let v be (1420/120)/((-2)/(-264)). What is the highest common factor of 55 and v?
11
Let z(c) = -c**2 - 4*c + 40. Let m = 81 - 89. Let v be z(m). Let h be (-20)/v*12/15*-8. Calculate the greatest common factor of h and 24.
8
Let n(m) = m**3 - 4*m**2 - 2*m + 14. Let d be n(7). What is the highest common divisor of 189 and d?
21
Let y(o) = 11*o - 59. Suppose -12 = 4*v - 6*v. Let t be y(v). Suppose -t*u = -342 - 260. Calculate the greatest common divisor of 215 and u.
43
Suppose -4 = -2*r - 11*v + 7*v, 0 = -r + 5*v + 2. Suppose -90 = -r*p - 82. Calculate the greatest common factor of 36 and p.
4
Let s be 6*182/(-84) + 2613. Calculate the greatest common factor of s and 8.
8
Suppose 4*t - 3*g - 65 = 0, 0*t + 2*t = 3*g + 37. Let p = 123 - 34. Let w be (p - -10) + 1/(-1). Calculate the greatest common factor of w and t.
14
Let i(o) = -641*o - 13738. Let c be i(-22). Calculate the highest common divisor of 923 and c.
13
Suppose 132 - 48 = 7*q. Let b be -1*q/(1 - 4). Suppose a - 56 = -a. What is the greatest common divisor of a and b?
4
Let b = -227 + 245. Suppose 5*k - 233 = 2*r, -3*r - 542 = 2*r + k. Let d = r + 199. Calculate the greatest common divisor of d and b.
18
Let l = -1721 - -827. Let i = l + 896. What is the highest common divisor of i and 206?
2
Suppose v = 2*b - 628, 3*b + 0*v = v + 942. Let p = b + -29. What is the greatest common factor of p and 15?
15
Suppose 27*f + 82*f - 61912 = 0. Calculate the highest common divisor of 64 and f.
8
Let d(c) = -7*c + 845. Let g be d(35). What is the highest common divisor of 24 and g?
24
Let x(z) = -z**2 + 0*z**2 + 22 - 4*z**2 + 4*z**2 + 4*z. Let y be x(7). Let m be y/6 + 53/6. Calculate the greatest common divisor of m and 1.
1
Let s = -238 - -479. Let n = -193 + s. What is the highest common factor of 16 and n?
16
Let d = -2 + 1. Let p be (1378/5 - 12/(-30)) + d. Let x(u) = -u**3 + 2*u**2 - u + 25. Let j be x(0). What is the greatest common divisor of p and j?
25
Suppose -60 = q - 2. Let o be 2987/q - 2/(-4). Let i be (-2)/(-18) - o/54*2. Calculate the highest common divisor of 10 and i.
2
Let o(w) = -39*w + 1985. Let k be o(48). Let r be (-3)/(-9) + (-2372)/(-3). Calculate the greatest common factor of r and k.
113
Let s = 297 + -242. Suppose -3*d + 7*d + 3*t - 170 = 0, 3*d = 2*t + 136. What is the greatest common factor of s and d?
11
Let o(x) = 6*x + 179. Let f be o(-30). Let g be (f - (-1)/5)*175/(-14). Calculate the greatest common factor of g and 170.
10
Suppose 5*f - m - 32 = 0, -18 = -10*f + 8*f + 3*m. Suppose 4*k = -c + 2*c - 30, 3*k = -c - 5. Calculate the greatest common divisor of f and c.
2
Suppose -5*s + 187 = -s + q, 3*q + 159 = 3*s. Let n = 62871 + -62631. Calculate the greatest common factor of s and n.
48
Suppose 10 = 3*j + 4. Let l(s) = 13*s + 1 - j - 11. Let z be l(2). What is the greatest common divisor of z and 42?
14
Let r(a) = -51*a - 60. Let i(h) = -5*h. Suppose -12 = 3*u, -10 = -3*l + 2*u - u. Let y be i(l). Let z be r(y). Calculate the highest common factor of 50 and z.
50
Let c = -18537 - -18636. Calculate the greatest common divisor of c and 6402.
33
Let a be ((-9)/(-2))/((-2)/(-8)). Let t be 5 - -2 - (a/3 + -4). Suppose -g + 88 = t*f, -5*g + 0*f = -5*f - 470. What is the greatest common divisor of 31 and g?
31
Suppose 0*o - 4*o = -88. Suppose 3*q - o = -4. Let k be (-386)/(-16) - (3 + 486/48 + -13). Calculate the greatest common factor of q and k.
6
Suppose -5690 = -14*s - 5256. What is the greatest common divisor of 4340 and s?
31
Let y = 100 - -872. What is the greatest common divisor of y and 6?
6
Let i = 1323 + -153. Calculate the greatest common factor of i and 72.
18
Let u = 620 + 40. What is the greatest common factor of 5 and u?
5
Let p = -200 - -119. Suppose -x = -3, 265 + 70 = -4*a + x. Let m = p - a. What is the highest common divisor of m and 5?
1
Let v(u) = 49*u**2 - 16*u + 4. Suppose -132 = 41*x + 3*x. Let z be v(x). Calculate the greatest common factor of 58 and z.
29
Let n(d) be the first derivative of d**3/3 - 7*d**2/2 - 2*d + 17. Let c be n(8). What is the highest common divisor of 9 and c?
3
Let q = 1549 - 1395. Calculate the highest common factor of q and 4752.
22
Let x = 116 + -82. Let r(h) = 49*h - 72. Let n(m) = 24*m - 35. Let q(s) = -5*n(s) + 2*r(s). Let c be q(-4). Calculate the highest common divisor of c and x.
17
Suppose -139 + 151 = 3*b. Suppose 2*f = b*g - 2 - 2, 3*g - 1 = 2*f. Suppose 4*q + 9 = j + 3, 5*q = -4*j + 87. Calculate the highest common divisor of j and g.
3
Let a = -37 - -45. Suppose -3 = 9*h - a*h. Let l be ((-10)/(-6) - h)*3. Calculate the highest common factor of 21 and l.
7
Suppose 556 = -10*q - 224. Let v be (-1 + 49)/(q/(-429)). Suppose -c - 4*n + 76 = 3*c, -3*c = -5*n - 97. Calculate the greatest common divisor of v and c.
24
Let m(d) = -19*d**3 - 2*d - 1. Let u be m(-1). Suppose -5*h + 70 = u. Let w(j) = 17*j - 630. Let v be w(40). What is the greatest common factor of v and h?
10
Let u = -3 + 28. Let i(x) = -119*x**2 + 3*x - 4. Let g be i(1). Let q = 130 + g. What is the highest common divisor of q and u?
5
Let v be (-180)/(-24)*(-2)/(-3). Suppose 4*h - 2*l + 6*l = 0, 2*h + v*l = -9. Suppose 195 = -h*z + 8*z. Calculate the highest common divisor of 26 and z.
13
Let g(i) be the third derivative of -5*i**4/4 - 80*i**3/3 + 137*i**2. Let y be g(-6). Calculate the greatest common divisor of y and 8.
4
Let f be 802/1 + -49*(-3)/(-21). Calculate the highest common factor of f and 45.
15
Let k = 34 + -33. Suppose -z = -2*x - 22, k + 4 = -x. What is the highest common divisor of z and 84?
12
Let d(q) = q**3 - 34*q**2 + 17*q - 540. Let w be d(34). Let a(r) = -r**3 - 4*r**2 + 4*r + 9. Let n be a(-6). What is the greatest common divisor of n and w?
19
Let z be 6/(18/15) + 136. Suppose 3*l = z - 54. Suppose 0 = -3*o + 113 - 26. What is the greatest common factor of o and l?
29
Suppose -235*t + 234*t + 13 = 4. What is the greatest common divisor of t and 48879?
9
Suppose -34*n + 26*n + 16 = 0. Let k(m) = 3*m**3 - 2*m**2 + 5*m - 2. Let h be k(n). Calculate the highest common factor of h and 88.
8
Let b = -7740 + 7839. What is the highest common factor of b and 561?
33
Suppose 0 = 613*w - 631*w + 1404. What is the greatest common divisor of w and 12?
6
Let l = -30 + 40. Let i = -8 + 17. Suppose 7 = 4*n - i. What is the highest common divisor of n and l?
2
Let i be 10 - (15/10 + (-1)/2). Suppose i*l - l = 240. Calculate the greatest common divisor of l and 345.
15
Let y = -36299 + 108873. What is the highest common factor of 262 and y?
262
Suppose -2*x = -4*o + 514, -2*o - 2*o - 2*x = -526. Let a = -1516 + 1519. Suppose -o = -a*d - 2*d. Calculate the highest common factor of 39 and d.
13
Let q = 123 - -241. Let r = q + -353. What is the greatest common divisor of 352 and r?
11
Suppose -53196 = 141*t - 219*t. Calculate the greatest common factor of 66 and t.
22
Suppose -4*v - 5*o = -8246, 3*v = 2*o + 9334 - 3138. Calculate the highest common divisor of v and 4.
4
Let k(m) = 4*m**2 - 2*m - 2. Let g be k(5). Let p = -30 + g. Suppose -p = -x + 26. Calculate the greatest common divisor of x and 21.
21
Let v = -7 - -11. Suppose -v*b = b - 250. Suppose o - 26 = 4*q, -4*q - q - 60 = -4*o. Calculate the greatest common divisor of b and o.
10
Let a = -497 - -510.